-o + 9. Let d(q) = -q + 7. Let k(c) = -2*d(c) + 3*r(c). Give k(8).
5
Let u be (-11)/66 - (-76)/24. Let f(k) = 25*k - 6. Calculate f(u).
69
Let s = -401 + 403. Let j(h) be the first derivative of 6 + h**s - 2/3*h**3 + 3*h - 1/4*h**4. Calculate j(-3).
6
Let x(t) = t**3 + 5*t**2 - 7. Suppose -4*w + 3*k + 81 - 32 = 0, -3*w + 3*k = -39. Suppose -5*g + w = -2*o - 3*o, -g = 3. What is x(o)?
-7
Let l(u) = 5*u**2 - 11*u + 13. Let h(p) = 2*p**2 - 5*p + 6. Let y(g) = -7*h(g) + 3*l(g). Let s = 61 - 57. Suppose 0 = 5*b + 21 + s. Determine y(b).
12
Let r(y) = 3*y**2 + 6*y + 6. Let h be ((19 - 8) + -9)*(-1)/1. Give r(h).
6
Let j(r) = -2*r + 1. Let h = 321 - 318. Give j(h).
-5
Let z(t) be the second derivative of -t**5/20 + t**4/12 + 2*t**3/3 - 2*t**2 - 3*t. Let w be 3/(-6)*-1*6. What is z(w)?
-10
Suppose 4*q - 16 = 0, 2*q - 128 - 120 = -5*r. Let c = r + -50. Let z(w) = w**2 + 3*w + 3. Determine z(c).
1
Let a(x) = -x**2 + x + 3. Suppose -16*u = -2*u + 70. Determine a(u).
-27
Let k(n) = -4*n**2 + 3*n + 3. Let j = 1287 - 1284. Calculate k(j).
-24
Suppose 0 - 2 = -p. Suppose 3*j = 4*o - p*j - 29, 2*j + 5 = -5*o. Let n(s) = 9*s**2 - 3 - 6*s**3 - 10*s**2 + 2 + 7*s**3. What is n(o)?
-1
Let t(h) = 13*h - 1 - 3*h - 3*h - 9*h. Determine t(-4).
7
Let j(y) = -y**2 - y - 16. Suppose 0 = 2*q - 5 - 1. Suppose 2*t = q*t + 2*t. Calculate j(t).
-16
Let y(a) = -5*a**3 - 4*a**2 + 10*a + 14. Let w(c) = 27*c**3 + 19*c**2 - 50*c - 72. Let j(n) = 2*w(n) + 11*y(n). Give j(-7).
-11
Let x(c) be the second derivative of 1/3*c**4 - 1/20*c**5 + 0 + 34*c + 3/2*c**2 - 2/3*c**3. Calculate x(2).
3
Let g(l) be the second derivative of l**7/2520 - l**6/180 - 7*l**4/6 + 10*l. Let j(y) be the third derivative of g(y). Let z = -3 - -6. Determine j(z).
-3
Let o(w) = w**3 - 6*w**2 + 7. Let p be o(6). Let x be 5 + 0/(p + -3). Let q(g) = -1 + 4*g - g - 2 - x*g. Give q(5).
-13
Let z(b) = -63 - 37*b + 46*b + 2*b. Calculate z(6).
3
Let q(m) = 7. Let j = -10 - -17. Let h(t) = t + 13. Let s(a) = j*q(a) - 4*h(a). Give s(-2).
5
Let v(h) = -49*h**2 + 10*h - 28. Let t(x) = 9*x**2 - 2*x + 5. Let r(z) = -11*t(z) - 2*v(z). Suppose -4*c - 2*u + 6 = 0, 5*u = 4*c + 22 + 7. Determine r(c).
-2
Let m be (24/(-9))/(2 - 8/3). Suppose 0 = 2*r - 5*c + 10, -4 = r + m*r - 2*c. Let h(j) = j - 13. Determine h(r).
-13
Let f(o) = o + 6. Let s(a) = a + 12. Let p(x) = -6*f(x) + 5*s(x). What is p(14)?
10
Let d(p) = p**2 + 5*p - 2. Let k(n) = 2*n**2 - 2*n + 2. Let u be k(2). Let h = 8 - u. Suppose -6*o = -h*o + 16. Give d(o).
-6
Let v(c) = -3*c - 107 + 2*c + 70 + 4*c - c. Calculate v(18).
-1
Let b(o) = -o**2 - o + 1. Let v(y) = 2*y**3 + 0*y**3 - 5*y + 8*y**2 - 8 + 13*y. Let j be (-16)/(-104) + (-314)/13. Let s(k) = j*b(k) - 3*v(k). Give s(-1).
6
Let r(h) = 5*h - 2. Let y(c) = 4*c**3 - 72*c**2 - 72*c - 97. Let u(f) = -f**3 + 18*f**2 + 18*f + 24. Let m(a) = -9*u(a) - 2*y(a). Let g be m(19). What is r(g)?
-17
Suppose 0 = 17*c - c - 64. Let d(t) = t**3 - 3*t**2 + 2*t - 3. Calculate d(c).
21
Let g(u) = u**3 + u**2 + 1. Let t(r) = -3*r + 1. Let s be t(0). Let l(a) = 2*a**3 - 2*a**2 - 3*a - 3. Let w(d) = s*g(d) - l(d). Calculate w(4).
0
Let z be (5 + -9)*(-5)/4. Suppose 26 = -z*a + 36. Let l(f) = f - 1. Let o(b) = 4*b**2 + 2*b - 2. Let h(v) = -3*l(v) + o(v). Give h(a).
15
Let x(m) be the second derivative of -m**3/3 + 3*m**2/2 + 639*m. Let i(p) = 4*p**3 - p**2 - p + 1. Let d be i(1). Give x(d).
-3
Let u = 19 + -2. Let j = u + -13. Let s(h) = -h**2 + 7*h - 4. Calculate s(j).
8
Let z be (-2 + 3)/(4/164). Let q = -42 + z. Let u(g) be the first derivative of -g**2/2 - 1. Calculate u(q).
1
Let a(u) = -u**3 + 2*u**2 + 3. Let h be a(3). Let o(f) be the third derivative of -f**6/120 - f**5/12 + f**4/4 - 5*f**3/6 - 33*f**2 + 1. Give o(h).
-5
Let x(h) be the first derivative of -h**5/60 - h**4/6 + 2*h**3/3 - h**2 + 3. Let f(c) be the second derivative of x(c). Let g = -1 + -3. What is f(g)?
4
Let y(i) = -i**3 - 49*i**2 - 45*i + 156. Let b be y(-48). Let a(p) = -p**2 + 11*p - 2. Calculate a(b).
-14
Let n(w) = 2*w**3 + 12*w**2 - 12*w + 8. Let l(j) = -j**3 - 6*j**2 + 6*j - 4. Let z(a) = -9*l(a) - 4*n(a). Calculate z(-7).
-3
Let b(c) = -4*c**2 - 13*c. Let u(g) = 5*g**2 + 14*g + 1. Let d(x) = -6*b(x) - 5*u(x). Give d(8).
-5
Suppose -4*k + 7 = -5. Suppose k*n - 6 = n. Let c(a) = 5*a + 9. Let r(v) = v + 2. Let d(q) = -4*c(q) + 18*r(q). Determine d(n).
-6
Let l(c) = 6*c**2 - 34*c - 10. Let y(x) = -5*x**2 + 30*x + 9. Let z(q) = 6*l(q) + 7*y(q). Determine z(-7).
10
Let f(s) be the first derivative of -2*s + 9 + 214*s**2 + 3*s - 213*s**2. Give f(1).
3
Suppose 4*l - 24 = f + 3*f, 2*l + 23 = -5*f. Let y(g) = 3*g**2 - g**3 - 7*g**2 - 7 - 2*g + 3*g. Give y(f).
13
Let y(c) = c - 5. Let m be y(7). Let x(a) = a**2 + 34 - 21 - 24 - m*a**2. Let h(v) = v - 6. Let j be h(6). Give x(j).
-11
Let m(f) = 3*f**2 - 1. Let d(j) = -j**3 + 12*j**2 - j + 5. Let g(n) = -d(n) + 4*m(n). Calculate g(0).
-9
Let j be (1 + -3)*18 - -1. Let t be (-2)/(-10) + (-63)/j. Let i(d) be the first derivative of -d**4/4 + d**2/2 + d + 24. Give i(t).
-5
Let f(s) = s - 6 + 0 + 0*s - 1. What is f(0)?
-7
Let p be 0/((-2)/(-2 + 3)). Suppose -7*j + 2225 - 216 = 0. Let b(o) = -3 + 0 - j*o + 288*o. Calculate b(p).
-3
Let r(p) = 9*p + 15. Let k(h) = -4*h - 7. Let w(b) = 7*k(b) + 3*r(b). Let u(m) = m**2 + 4*m - 29. Let f be u(-8). Give w(f).
-7
Let b(v) = -v**2 - v + 4. Suppose 36*g = 37*g + 3. Determine b(g).
-2
Let j(f) = 25*f + 3. Let k(w) = 9*w + 1. Let s(x) = 2*j(x) - 5*k(x). Give s(-6).
-29
Let f be (-17)/3*(2 - -1) - -2. Let d = f + 17. Let g(y) be the second derivative of y**5/20 - y**3/6 - y**2/2 + 4*y. Calculate g(d).
5
Let g(f) = -4*f**2 + 10*f + 2. Let j(c) = c**2 - c - 1. Let i(h) = -g(h) - 5*j(h). Suppose 0 = -2*n - 3*n - 25. Determine i(n).
3
Let x = -60 + 40. Let t = 63 + x. Suppose -3*m + 16 = 5*i + t, -2*i + m - 2 = 0. Let j(o) = o + 7. Calculate j(i).
4
Let c(d) be the first derivative of d**3/6 - 4*d**2 + 10*d - 13. Let o(w) be the first derivative of c(w). Determine o(6).
-2
Let t(u) be the second derivative of -u**3/6 - 2*u**2 + 61*u. Determine t(4).
-8
Suppose 15 + 6 = -7*h. Let g be 0 - 0 - (-9)/(h + 0). Let u(x) = x. Give u(g).
-3
Let a(s) = -629*s + 626*s + 1 - 2. Determine a(-6).
17
Let z be ((-6)/9)/(1/3). Suppose -3*g - 5*j = 52, 5*g - 3*j + 60 = -6*j. Let c(d) = d - 6. Let y(n) = 2*n - 14. Let m(a) = g*c(a) + 4*y(a). Determine m(z).
0
Let f(y) = -y + 8. Let k be (-3)/(-6) - 414/36. Give f(k).
19
Let o(h) = h**3 - 6*h**2 + 4*h - 4. Let f(r) = 2*r**3 - 9*r**2 + 7*r - 7. Let p(j) = -3*f(j) + 5*o(j). Calculate p(-3).
4
Let l be 45/(-36) + (-4)/(-16) - -8. Let h(q) = q**3 - 8*q**2 + 5*q + 10. Give h(l).
-4
Let z(l) = -27*l - 10*l**2 - l**2 + 9 + 24*l. Let h(c) = 7*c**2 + 2*c - 6. Let d(w) = 8*h(w) + 5*z(w). Determine d(0).
-3
Suppose 0 = 4*c - j - 7, -634*j + 632*j + 1 = -3*c. Let s(w) = -13*w + 2. Determine s(c).
-37
Let c(y) = -y**2 - 10*y + 10. Suppose -10*r - 129 + 19 = 0. What is c(r)?
-1
Let p(u) be the first derivative of u**3/3 - 5*u**2/2 + u + 55. Suppose -2*k = 3*y - 24, -2*y = 3*y + 5*k - 45. Calculate p(y).
7
Let u(b) = -b**2 - 4*b. Suppose -3*x + 2 = -7. Suppose -28 = 5*w - x. Calculate u(w).
-5
Let l(p) = -p - 1. Let o(m) be the second derivative of -2*m**3/3 + m**2/2 - 11*m. Let w be o(-1). Determine l(w).
-6
Let f(y) be the second derivative of 5*y**3/6 - y**2 + 154*y. What is f(6)?
28
Suppose -10 = 4*m + 6. Let k be 9/18 - (-18)/m. Let u(d) = -d**2 - 5*d - 6. What is u(k)?
-2
Let b(j) be the second derivative of j**3/6 + 7*j**2 - 403*j. What is b(-11)?
3
Let j(v) = 2*v - 1. Let y(a) = 7*a - 12. Let u(c) = -4*j(c) + y(c). Give u(-10).
2
Let r(o) = o**2 - 3*o + 6. Let b = -95 + 99. What is r(b)?
10
Let v(l) = l**3 + 5*l**2 - 6*l - 6. Let a(f) = -5*f - 1. Let h be (5/(-2))/((-9)/18). Let k be h/2*(-22)/(-55). Let u be a(k). Give v(u).
-6
Let b(d) = 10 + 46*d - 2 - 47*d - 2. Give b(-3).
9
Let l(x) = 2 + 93*x - 179*x + 84*x. Calculate l(-3).
8
Let k(a) be the second derivative of a**7/2520 - a**6/180 - a**5/30 + 11*a**4/12 - 12*a. Let z(v) be the third derivative of k(v). Give z(5).
1
Suppose -19*p + 15*p = 2*g + 16, -g + 17 = -3*p. Suppose 0 = c - 6 - 3. Let w(b) = -2*b + 2*b - c - b. Determine w(p).
-4
Let a(z) be the second derivative of 0 - 1/20*z**5 + 2*z + 1/2